119).
-621
Let f(h) = -368469*h + 1105410. Calculate f(3).
3
Let n(s) = 339*s**2 + 34588*s + 949. Calculate n(-102).
-71
Let r(y) = -18*y**3 - 274*y**2 + 1154*y + 4. Determine r(4).
-916
Let g(d) = -15*d**2 + 207*d - 27. What is g(14)?
-69
Let x(o) = -3*o**3 + 34*o**2 - 11*o - 4. Give x(11).
-4
Let f(y) = -18*y**3 - 1096*y**2 + 1094*y + 3. Calculate f(1).
-17
Let n(x) = -6*x**3 + 678*x**2 + 705*x - 2250. What is n(114)?
144
Let k(s) = 577*s**2 + 6387*s + 433. Calculate k(-11).
-7
Let t(p) = -111639*p - 2121162. Give t(-19).
-21
Let c(h) = -4670*h + 17743. Give c(4).
-937
Let s(m) = m**3 + 117*m**2 - 4596*m + 206. Calculate s(31).
-42
Let w(d) = 44999*d + 3464944. Calculate w(-77).
21
Let j(g) = -7*g**3 + 8*g**2 - 19*g + 6. Give j(-3).
324
Let l(d) = -4*d**2 - 379*d - 7230. Determine l(-19).
-1473
Let b(v) = v**3 - 62*v**2 - 225*v + 172. Determine b(-4).
16
Let b(n) = n**3 + 13*n**2 + 36*n + 300. Give b(-8).
332
Let j(k) = 7*k**2 - 15*k - 154. What is j(-6)?
188
Let s(x) = -3*x**3 - 12*x**2 - 3193*x - 9554. What is s(-3)?
-2
Let l(q) = q**2 - 8826*q + 61726. Calculate l(7).
-7
Let l(a) = -24980*a + 744. Determine l(0).
744
Let f(v) = -976*v + 16647. Give f(17).
55
Let w(c) = -c**3 - 14*c**2 + 318*c - 571. Calculate w(11).
-98
Let w(r) = r**2 - 148*r - 676. Determine w(50).
-5576
Let t(l) = -110*l**2 - 859*l - 648. Determine t(-7).
-25
Let r(o) = -6*o**3 - 166*o**2 + 128*o + 2174. Calculate r(-28).
158
Let x(i) = -3*i**2 + 458*i - 1281. What is x(150)?
-81
Let n(w) = 9*w**3 + 4*w**2 + 184*w + 550. Give n(-3).
-209
Let n(z) = -976*z**2 + 7925*z - 7. Calculate n(8).
929
Let a(z) = -35448*z - 2445861. Calculate a(-69).
51
Let h(a) = 2*a**3 - 42*a**2 - 106*a + 22. What is h(24)?
934
Let g(p) = -119*p + 20. What is g(-1)?
139
Let u(o) = 5222*o + 140959. What is u(-27)?
-35
Let x(i) = -3*i**2 + 22436*i - 134531. Calculate x(6).
-23
Let l(w) = -45*w**3 + 33*w**2 + 57*w - 190. What is l(3)?
-937
Let p(z) = -790*z**3 - 2*z**2 + 14*z + 15. What is p(-1)?
789
Let v(q) = -22*q**2 - 63*q - 23. Calculate v(6).
-1193
Let n(a) = 2434*a - 2603. What is n(1)?
-169
Let w(u) = 63*u**3 + 816*u**2 + 6*u + 589. Give w(-13).
4
Let n(j) = -j**2 + 16765*j + 487002. What is n(-29)?
-24
Let i(s) = s**3 - 91*s**2 + 183*s - 439. What is i(89)?
6
Let p(x) = -263*x**3 + 39*x**2 - 99*x + 24. Determine p(2).
-2122
Let y(j) = 3*j**2 - 394*j + 132. What is y(140)?
3772
Let m(q) = 2*q**2 - 38*q + 69. Calculate m(24).
309
Let g(y) = 6231*y - 74755. Determine g(12).
17
Let y(v) = v**2 + 930*v - 16123. Give y(17).
-24
Let x(p) = -2*p**3 + 303*p**2 - 5373*p + 109. Determine x(131).
-153
Let p(a) = -424*a - 25296. What is p(-60)?
144
Let g(t) = -3*t**2 + 150*t - 1698. Give g(19).
69
Let p(v) = 181*v - 18801. Calculate p(108).
747
Let w(z) = -68082*z - 407860. Give w(-6).
632
Let i(b) = 58*b + 327. Determine i(-17).
-659
Let s(r) = 3*r**2 + 294*r + 7172. Calculate s(-53).
17
Let c(v) = 2766*v + 44328. Give c(-16).
72
Let f(d) = d**2 - 24409*d - 1149266. What is f(-47)?
166
Let p(f) = -f**2 + 585248*f - 11119365. What is p(19)?
-14
Let h(y) = -2*y**3 + 126*y**2 - 1680*y + 115694. What is h(64)?
-18
Let k(v) = v**2 + 40663*v + 2760461. What is k(-68)?
1
Let v(t) = -10*t**2 - 9*t + 4. Determine v(0).
4
Let g(k) = -39*k**3 + 661*k**2 + 890*k - 14536. Calculate g(17).
16
Let c(h) = h**3 + 360*h**2 + 16520*h - 1127. Give c(-306).
97
Let f(r) = 3869*r - 182843. What is f(47)?
-1000
Let q(x) = 3897*x - 2992729. Calculate q(768).
167
Let r(d) = 7*d**3 + 82*d**2 + 12*d + 117. Determine r(-11).
590
Let j(z) = -13468*z - 969701. Determine j(-72).
-5
Let b(y) = 2*y**2 - 255*y + 7714. Calculate b(74).
-204
Let s(p) = 29*p + 136. What is s(-21)?
-473
Let v(j) = 3*j**2 - 165*j - 149. What is v(53)?
-467
Let u(l) = 22797*l - 159601. What is u(7)?
-22
Let h(i) = 5*i + 1957. Determine h(-70).
1607
Let h(p) = -12826*p - 1410802. Give h(-110).
58
Let l(q) = 656*q**3 + 62*q**2 - 59*q - 3. Calculate l(1).
656
Let h(m) = -18018*m - 54251. Give h(-3).
-197
Let v(k) = k**3 - 19*k**2 + 22*k - 32. Give v(21).
1312
Let k(q) = q**3 + 37*q**2 + 191*q + 241. Calculate k(-33).
-1706
Let f(p) = -5*p**2 + 138*p - 1584. Give f(11).
-671
Let t(f) = -f**2 - 6*f + 704. Determine t(-25).
229
Let q(y) = y**3 + 4*y**2 - 21*y + 133. Determine q(7).
525
Let n(f) = -6*f**3 + 4593*f**2 - 6877*f + 770. Give n(764).
6
Let a(h) = -8*h**2 - 338*h - 3064. What is a(-31)?
-274
Let m(u) = -67601*u - 878825. Calculate m(-13).
-12
Let k(s) = 20*s**3 - 290*s**2 - 57*s - 7. Determine k(15).
1388
Let m(l) = -l**3 + 394*l**2 + 8711*l + 145. Give m(-21).
229
Let g(l) = 2*l**3 - 192*l**2 - 755*l + 89763. Calculate g(95).
-12
Let q(k) = 1184*k + 89655. Determine q(-76).
-329
Let u(z) = 2*z**3 - 110*z**2 + 246*z - 1850. What is u(53)?
-48
Let t(j) = 30*j**2 + 6438*j - 32223. Determine t(5).
717
Let r(g) = 2*g**3 + 28*g**2 - 209*g + 4. Give r(0).
4
Let j(m) = 3*m**2 + 2436*m + 19492. Determine j(-8).
196
Let w(i) = 9*i**3 + 107*i**2 + 72*i - 39. Calculate w(-12).
-1047
Let y(t) = 2106*t - 12590. Give y(6).
46
Let u(n) = -3*n**3 + 237*n**2 + 6*n + 239. What is u(79)?
713
Let v(h) = 21*h**2 + 22*h - 398. Calculate v(-8).
770
Let d(b) = b**3 + 271*b**2 - 319*b - 86432. Give d(-271).
17
Let i(r) = 142*r + 2624. Give i(-19).
-74
Let v(y) = 3*y**2 - 24*y - 7. Calculate v(-8).
377
Let w(n) = -10*n**3 - 153*n**2 - 408*n - 5455. Calculate w(-15).
-10
Let x(c) = -c**3 + 28*c**2 - 605*c + 21547. What is x(31)?
-91
Let c(m) = -m**3 - 46*m**2 - 10*m + 570. Determine c(-46).
1030
Let r(i) = i**2 - 38*i - 19858. Determine r(168).
1982
Let y(l) = 272269*l + 272285. Determine y(-1).
16
Let g(z) = z**3 + 87*z**2 + 1133*z - 226. What is g(-71)?
-13
Let a(c) = -22*c**3 + 441*c**2 - 24*c - 2. Give a(3).
3301
Let q(z) = -34308*z - 68118. What is q(-2)?
498
Let y(g) = 9882*g + 770801. Calculate y(-78).
5
Let v(s) = 547*s - 35189. What is v(62)?
-1275
Let q(i) = -18*i**2 - 2476*i + 1095. What is q(-138)?
-9
Let z(c) = 2*c**3 + 70*c**2 - 34*c - 11890. Calculate z(-28).
38
Let n(o) = -o**3 - 82*o**2 + 44*o + 4579. Determine n(-82).
971
Let v(y) = -9*y**3 + 139*y**2 - 3*y - 720. Calculate v(15).
135
Let o(u) = 2*u**3 + 14*u**2 + 405*u + 1903. Determine o(-5).
-22
Let x(t) = -2*t**2 + 61934*t + 309738. Give x(-5).
18
Let b(t) = 7*t**3 + t**2 - 383*t + 1156. Give b(3).
205
Let q(s) = s**2 + 39*s - 6779. What is q(74)?
1583
Let f(n) = -n**3 - 16*n**2 - 67*n + 8. Calculate f(-3).
92
Let k(x) = -26705*x + 26640. What is k(1)?
-65
Let n(q) = 7081*q - 219493. Give n(31).
18
Let h(x) = -13*x**3 - 20*x**2 + 90*x - 5. Calculate h(5).
-1680
Let f(y) = 626*y**3 - 13146*y**2 - 42*y + 877. Determine f(21).
-5
Let b(c) = 731*c**2 - 8045*c - 19. Give b(11).
-63
Let f(y) = -2*y**3 - 57*y**2 + 40*y + 450. Calculate f(-31).
4015
Let x(g) = 74169*g - 815797. Calculate x(11).
62
Let j(b) = -270376*b - 1892639. Calculate j(-7).
-7
Let f(x) = 16*x**2 + 2393*x + 12673. Give f(-144).
-143
Let z(t) = -4*t**2 + 126*t - 689. Determine z(6).
-77
Let b(k) = -5*k**2 + 44*k + 308. What is b(25)?
-1717
Let s(c) = c**3 - 62*c**2 - 47*c + 10364. What is s(60)?
344
Let k(b) = -b**3 + 424*b**2 + 12*b - 183993. Determine k(423).
12
Let t(p) = 24*p**3 - 254*p**2 + 123*p + 170. Calculate t(10).
0
Let y(s) = 2705*s - 714124. Calculate y(264).
-4
Let j(f) = -191*f + 23241. Determine j(121).
130
Let w(o) = o**3 - 6*o**2 - 434*o + 43. Calculate w(-18).
79
Let m(k) = k**3 + 36*k**2 + 296*k - 12. What is m(-23)?
57
Let z(w) = 5995*w + 204147. Determine z(-34).
317
Let k(q) = -q**3 - 43*q**2 + 596*q + 135. What is k(-54)?
27
Let n(s) = -s**2 + 349*s + 330148. Give n(-426).
-2
Let i(y) = 318*y**3 - 3*y**2 + 153*y - 151. What is i(1)?
317
Let g(a) = -45*a**3 + 20654*a**2 + 461*a - 980. Determine g(459).
-62
Let b(k) = 6*k**2 + 6668*k - 53491. What is b(8)?
237
Let k(f) = f**3 - 61*f**2 + 176*f - 208. Determine k(58).
-92
Let l(v) = 119*v - 1571. Give l(14).
95
Let h(s) = -30*s**3 + 4*s**2 + 70*s - 193. What is h(3)?
-757
Let n(u) = 190*u - 2916. Give n(15).
-66
Let f(x) = x**3 - 23*x**2 + 10*x - 2287. Give f(26).
1
Let q(g) = -12644*g - 138537. Calculate q(-11).
547
Let q(a) = -70*a**2 + 470*a - 1643. Give q(6).
-1343
Let g(f) = -609*f**3 + 12182*f**2 - 45*f + 60. What is g(20)?
-40
Let d(z) = -18*z**3 + 151*z**2 - 18*z